{"id":254,"date":"2023-07-24T23:13:10","date_gmt":"2023-07-25T05:13:10","guid":{"rendered":"https:\/\/cohefi.com\/?page_id=254"},"modified":"2023-07-27T22:36:29","modified_gmt":"2023-07-28T04:36:29","slug":"servicios","status":"publish","type":"page","link":"https:\/\/cohefi.com\/index.php\/servicios\/","title":{"rendered":"Servicios"},"content":{"rendered":"\n<div class=\"wp-block-media-text alignwide has-media-on-the-right is-stacked-on-mobile is-image-fill\"><div class=\"wp-block-media-text__content\">\n<p class=\"has-small-font-size\">En COHEFI ofrecemos servicios de rehabilitaci\u00f3n f\u00edsica, es un servicio para todo el p\u00fablico, nuestro proceso inicia con una historia cl\u00ednica, con la que se dan las pautas para una evaluaci\u00f3n y posterior obtenci\u00f3n de un diagn\u00f3stico que nos permitir\u00e1 realizar una terapia completamente individualizada para cada paciente, poniendo a su disposici\u00f3n las mejores alternativas en cada caso.<\/p>\n\n\n\n<p class=\"has-small-font-size\">En COHEFI cada terapia es diferente porque para nosotros cada pacientes es \u00fanico y nos basamos en el estado de la lesi\u00f3n, temporalidad, inflamaci\u00f3n, localizaci\u00f3n, tejidos afectados, estructuras involucradas, compensaciones musculares, edad, enfermedades asociadas, actividades de la vida diaria del paciente, etc, nuestras terapias est\u00e1n basadas en un an\u00e1lisis integral de cada paciente.<\/p>\n<\/div><figure class=\"wp-block-media-text__media\" style=\"background-image:url(https:\/\/cohefi.com\/wp-content\/uploads\/2023\/07\/Servicios01-1024x831.jpg);background-position:50% 50%\"><img loading=\"lazy\" decoding=\"async\" width=\"1024\" height=\"831\" src=\"https:\/\/cohefi.com\/wp-content\/uploads\/2023\/07\/Servicios01-1024x831.jpg\" alt=\"\" class=\"wp-image-258 size-full\" srcset=\"https:\/\/cohefi.com\/wp-content\/uploads\/2023\/07\/Servicios01-1024x831.jpg 1024w, https:\/\/cohefi.com\/wp-content\/uploads\/2023\/07\/Servicios01-300x244.jpg 300w, https:\/\/cohefi.com\/wp-content\/uploads\/2023\/07\/Servicios01-768x624.jpg 768w, https:\/\/cohefi.com\/wp-content\/uploads\/2023\/07\/Servicios01-1536x1247.jpg 1536w, https:\/\/cohefi.com\/wp-content\/uploads\/2023\/07\/Servicios01-2048x1663.jpg 2048w\" sizes=\"auto, (max-width: 1024px) 100vw, 1024px\" \/><\/figure><\/div>\n\n\n\n\t\t<!-- MasterSlider -->\n\t\t<div id=\"P_MS6a03428a8799e\" class=\"master-slider-parent msl ms-parent-id-1\" style=\"max-width:800px;\">\n\n\t\t\t\n\t\t\t<!-- MasterSlider Main -->\n\t\t\t<div id=\"MS6a03428a8799e\" class=\"master-slider ms-skin-default\" >\n\t\t\t\t \t\t\t\t \n\t\t\t\t<div  class=\"ms-slide\" data-delay=\"3\" data-fill-mode=\"fill\"  >\n\t\t\t\t\t<img decoding=\"async\" src=\"https:\/\/cohefi.com\/wp-content\/plugins\/master-slider\/public\/assets\/css\/blank.gif\" alt=\"\" title=\"\" data-src=\"https:\/\/cohefi.com\/wp-content\/uploads\/2023\/07\/Presentacion01.jpg\" \/>\n\n\n\t<img decoding=\"async\" class=\"ms-thumb\" src=\"https:\/\/cohefi.com\/wp-content\/uploads\/2023\/07\/Presentacion01-140x80.jpg\" alt=\"\" \/>\n\t<div class=\"ms-thumb\" ><div class=\"ms-tab-context\"><div class=\"&quot;ms-tab-context&quot;\"><\/div><\/div>\n<\/div>\n\t\t\t\t<\/div>\n\t\t\t\t<div  class=\"ms-slide\" data-delay=\"3\" data-fill-mode=\"fill\"  >\n\t\t\t\t\t<img decoding=\"async\" src=\"https:\/\/cohefi.com\/wp-content\/plugins\/master-slider\/public\/assets\/css\/blank.gif\" alt=\"\" title=\"\" data-src=\"https:\/\/cohefi.com\/wp-content\/uploads\/2023\/07\/Presentacion02-1.jpg\" \/>\n\n\n\t<img decoding=\"async\" class=\"ms-thumb\" src=\"https:\/\/cohefi.com\/wp-content\/uploads\/2023\/07\/Presentacion02-1-140x80.jpg\" alt=\"\" \/>\n\t<div class=\"ms-thumb\" ><div class=\"ms-tab-context\"><div class=\"&quot;ms-tab-context&quot;\"><\/div><\/div>\n<\/div>\n\t\t\t\t<\/div>\n\t\t\t\t<div  class=\"ms-slide\" data-delay=\"3\" data-fill-mode=\"fill\"  >\n\t\t\t\t\t<img decoding=\"async\" src=\"https:\/\/cohefi.com\/wp-content\/plugins\/master-slider\/public\/assets\/css\/blank.gif\" alt=\"\" title=\"\" data-src=\"https:\/\/cohefi.com\/wp-content\/uploads\/2023\/07\/Presentacion03-1.jpg\" \/>\n\n\n\t<img decoding=\"async\" class=\"ms-thumb\" src=\"https:\/\/cohefi.com\/wp-content\/uploads\/2023\/07\/Presentacion03-1-140x80.jpg\" alt=\"\" \/>\n\t<div class=\"ms-thumb\" ><div class=\"ms-tab-context\"><div class=\"&quot;ms-tab-context&quot;\"><\/div><\/div>\n<\/div>\n\t\t\t\t<\/div>\n\t\t\t\t<div  class=\"ms-slide\" data-delay=\"3\" data-fill-mode=\"fill\"  >\n\t\t\t\t\t<img decoding=\"async\" src=\"https:\/\/cohefi.com\/wp-content\/plugins\/master-slider\/public\/assets\/css\/blank.gif\" alt=\"\" title=\"\" data-src=\"https:\/\/cohefi.com\/wp-content\/uploads\/2023\/07\/Presentacion04-1.jpg\" \/>\n\n\n\t<img decoding=\"async\" class=\"ms-thumb\" src=\"https:\/\/cohefi.com\/wp-content\/uploads\/2023\/07\/Presentacion04-1-140x80.jpg\" alt=\"\" \/>\n\t<div class=\"ms-thumb\" ><div class=\"ms-tab-context\"><div class=\"&quot;ms-tab-context&quot;\"><\/div><\/div>\n<\/div>\n\t\t\t\t<\/div>\n\t\t\t\t<div  class=\"ms-slide\" data-delay=\"3\" data-fill-mode=\"fill\"  >\n\t\t\t\t\t<img decoding=\"async\" src=\"https:\/\/cohefi.com\/wp-content\/plugins\/master-slider\/public\/assets\/css\/blank.gif\" alt=\"\" title=\"\" data-src=\"https:\/\/cohefi.com\/wp-content\/uploads\/2023\/07\/Presentacion05.jpg\" \/>\n\n\n\t<img decoding=\"async\" class=\"ms-thumb\" src=\"https:\/\/cohefi.com\/wp-content\/uploads\/2023\/07\/Presentacion05-140x80.jpg\" alt=\"\" \/>\n\t<div class=\"ms-thumb\" ><div class=\"ms-tab-context\"><div class=\"&quot;ms-tab-context&quot;\"><\/div><\/div>\n<\/div>\n\t\t\t\t<\/div>\n\t\t\t\t<div  class=\"ms-slide\" data-delay=\"3\" data-fill-mode=\"fill\"  >\n\t\t\t\t\t<img decoding=\"async\" src=\"https:\/\/cohefi.com\/wp-content\/plugins\/master-slider\/public\/assets\/css\/blank.gif\" alt=\"\" title=\"\" data-src=\"https:\/\/cohefi.com\/wp-content\/uploads\/2023\/07\/Presentacion06-1.jpg\" \/>\n\n\n\t<img decoding=\"async\" class=\"ms-thumb\" src=\"https:\/\/cohefi.com\/wp-content\/uploads\/2023\/07\/Presentacion06-1-140x80.jpg\" alt=\"\" \/>\n\t<div class=\"ms-thumb\" ><div class=\"ms-tab-context\"><div class=\"&quot;ms-tab-context&quot;\"><\/div><\/div>\n<\/div>\n\t\t\t\t<\/div>\n\t\t\t\t<div  class=\"ms-slide\" data-delay=\"3\" data-fill-mode=\"fill\"  >\n\t\t\t\t\t<img decoding=\"async\" src=\"https:\/\/cohefi.com\/wp-content\/plugins\/master-slider\/public\/assets\/css\/blank.gif\" alt=\"\" title=\"\" data-src=\"https:\/\/cohefi.com\/wp-content\/uploads\/2023\/07\/Presentacion09-1.jpg\" \/>\n\n\n\t<img decoding=\"async\" class=\"ms-thumb\" src=\"https:\/\/cohefi.com\/wp-content\/uploads\/2023\/07\/Presentacion09-1-140x80.jpg\" alt=\"\" \/>\n\t<div class=\"ms-thumb\" ><div class=\"ms-tab-context\"><div class=\"&quot;ms-tab-context&quot;\"><\/div><\/div>\n<\/div>\n\t\t\t\t<\/div>\n\t\t\t\t<div  class=\"ms-slide\" data-delay=\"3\" data-fill-mode=\"fill\"  >\n\t\t\t\t\t<img decoding=\"async\" src=\"https:\/\/cohefi.com\/wp-content\/plugins\/master-slider\/public\/assets\/css\/blank.gif\" alt=\"\" title=\"\" data-src=\"https:\/\/cohefi.com\/wp-content\/uploads\/2023\/07\/Presentacion07-1.jpg\" \/>\n\n\n\t<img decoding=\"async\" class=\"ms-thumb\" src=\"https:\/\/cohefi.com\/wp-content\/uploads\/2023\/07\/Presentacion07-1-140x80.jpg\" alt=\"\" \/>\n\t<div class=\"ms-thumb\" ><div class=\"ms-tab-context\"><div class=\"&quot;ms-tab-context&quot;\"><\/div><\/div>\n<\/div>\n\t\t\t\t<\/div>\n\t\t\t\t<div  class=\"ms-slide\" data-delay=\"3\" data-fill-mode=\"fill\"  >\n\t\t\t\t\t<img decoding=\"async\" src=\"https:\/\/cohefi.com\/wp-content\/plugins\/master-slider\/public\/assets\/css\/blank.gif\" alt=\"\" title=\"\" data-src=\"https:\/\/cohefi.com\/wp-content\/uploads\/2023\/07\/Presentacion08.jpg\" \/>\n\n\n\t<img decoding=\"async\" class=\"ms-thumb\" src=\"https:\/\/cohefi.com\/wp-content\/uploads\/2023\/07\/Presentacion08-140x80.jpg\" alt=\"\" \/>\n\t<div class=\"ms-thumb\" ><div class=\"ms-tab-context\"><div class=\"&quot;ms-tab-context&quot;\"><\/div><\/div>\n<\/div>\n\t\t\t\t<\/div>\n\t\t\t\t<div  class=\"ms-slide\" data-delay=\"3\" data-fill-mode=\"fill\"  >\n\t\t\t\t\t<img decoding=\"async\" src=\"https:\/\/cohefi.com\/wp-content\/plugins\/master-slider\/public\/assets\/css\/blank.gif\" alt=\"\" title=\"\" data-src=\"https:\/\/cohefi.com\/wp-content\/uploads\/2023\/07\/Presentacion10.jpg\" \/>\n\n\n\t<img decoding=\"async\" class=\"ms-thumb\" src=\"https:\/\/cohefi.com\/wp-content\/uploads\/2023\/07\/Presentacion10-140x80.jpg\" alt=\"\" \/>\n\t<div class=\"ms-thumb\" ><div class=\"ms-tab-context\"><div class=\"&quot;ms-tab-context&quot;\"><\/div><\/div>\n<\/div>\n\t\t\t\t<\/div>\n\t\t\t\t<div  class=\"ms-slide\" data-delay=\"3\" data-fill-mode=\"fill\"  >\n\t\t\t\t\t<img decoding=\"async\" src=\"https:\/\/cohefi.com\/wp-content\/plugins\/master-slider\/public\/assets\/css\/blank.gif\" alt=\"\" title=\"\" data-src=\"https:\/\/cohefi.com\/wp-content\/uploads\/2023\/07\/Presentacion11.jpg\" \/>\n\n\n\t<img decoding=\"async\" class=\"ms-thumb\" src=\"https:\/\/cohefi.com\/wp-content\/uploads\/2023\/07\/Presentacion11-140x80.jpg\" alt=\"\" \/>\n\t<div class=\"ms-thumb\" ><div class=\"ms-tab-context\"><div class=\"&quot;ms-tab-context&quot;\"><\/div><\/div>\n<\/div>\n\t\t\t\t<\/div>\n\t\t\t\t<div  class=\"ms-slide\" data-delay=\"3\" data-fill-mode=\"fill\"  >\n\t\t\t\t\t<img decoding=\"async\" src=\"https:\/\/cohefi.com\/wp-content\/plugins\/master-slider\/public\/assets\/css\/blank.gif\" alt=\"\" title=\"\" data-src=\"https:\/\/cohefi.com\/wp-content\/uploads\/2023\/07\/Presentacion12.jpg\" \/>\n\n\n\t<img decoding=\"async\" class=\"ms-thumb\" src=\"https:\/\/cohefi.com\/wp-content\/uploads\/2023\/07\/Presentacion12-140x80.jpg\" alt=\"\" \/>\n\t<div class=\"ms-thumb\" ><div class=\"ms-tab-context\"><div class=\"&quot;ms-tab-context&quot;\"><\/div><\/div>\n<\/div>\n\t\t\t\t<\/div>\n\t\t\t\t<div  class=\"ms-slide\" data-delay=\"3\" data-fill-mode=\"fill\"  >\n\t\t\t\t\t<img decoding=\"async\" src=\"https:\/\/cohefi.com\/wp-content\/plugins\/master-slider\/public\/assets\/css\/blank.gif\" alt=\"\" title=\"\" data-src=\"https:\/\/cohefi.com\/wp-content\/uploads\/2023\/07\/Presentacion13-1.jpg\" \/>\n\n\n\t<img decoding=\"async\" class=\"ms-thumb\" src=\"https:\/\/cohefi.com\/wp-content\/uploads\/2023\/07\/Presentacion13-1-140x80.jpg\" alt=\"\" \/>\n\t<div class=\"ms-thumb\" ><div class=\"ms-tab-context\"><div class=\"&quot;ms-tab-context&quot;\"><\/div><\/div>\n<\/div>\n\t\t\t\t<\/div>\n\t\t\t\t<div  class=\"ms-slide\" data-delay=\"3\" data-fill-mode=\"fill\"  >\n\t\t\t\t\t<img decoding=\"async\" src=\"https:\/\/cohefi.com\/wp-content\/plugins\/master-slider\/public\/assets\/css\/blank.gif\" alt=\"\" title=\"\" data-src=\"https:\/\/cohefi.com\/wp-content\/uploads\/2023\/07\/Presentacion14.jpg\" \/>\n\n\n\t<img decoding=\"async\" class=\"ms-thumb\" src=\"https:\/\/cohefi.com\/wp-content\/uploads\/2023\/07\/Presentacion14-140x80.jpg\" alt=\"\" \/>\n\t<div class=\"ms-thumb\" ><div class=\"ms-tab-context\"><div class=\"&quot;ms-tab-context&quot;\"><\/div><\/div>\n<\/div>\n\t\t\t\t<\/div>\n\t\t\t\t<div  class=\"ms-slide\" data-delay=\"3\" data-fill-mode=\"fill\"  >\n\t\t\t\t\t<img decoding=\"async\" src=\"https:\/\/cohefi.com\/wp-content\/plugins\/master-slider\/public\/assets\/css\/blank.gif\" alt=\"\" title=\"\" data-src=\"https:\/\/cohefi.com\/wp-content\/uploads\/2023\/07\/Presentacion15.jpg\" \/>\n\n\n\t<img decoding=\"async\" class=\"ms-thumb\" src=\"https:\/\/cohefi.com\/wp-content\/uploads\/2023\/07\/Presentacion15-140x80.jpg\" alt=\"\" \/>\n\t<div class=\"ms-thumb\" ><div class=\"ms-tab-context\"><div class=\"&quot;ms-tab-context&quot;\"><\/div><\/div>\n<\/div>\n\t\t\t\t<\/div>\n\t\t\t\t<div  class=\"ms-slide\" data-delay=\"3\" data-fill-mode=\"fill\"  >\n\t\t\t\t\t<img decoding=\"async\" src=\"https:\/\/cohefi.com\/wp-content\/plugins\/master-slider\/public\/assets\/css\/blank.gif\" alt=\"\" title=\"\" data-src=\"https:\/\/cohefi.com\/wp-content\/uploads\/2023\/07\/Presentacion016.jpg\" \/>\n\n\n\t<img decoding=\"async\" class=\"ms-thumb\" src=\"https:\/\/cohefi.com\/wp-content\/uploads\/2023\/07\/Presentacion016-140x80.jpg\" alt=\"\" \/>\n\t<div class=\"ms-thumb\" ><div class=\"ms-tab-context\"><div class=\"&quot;ms-tab-context&quot;\"><\/div><\/div>\n<\/div>\n\t\t\t\t<\/div>\n\t\t\t\t<div  class=\"ms-slide\" data-delay=\"3\" data-fill-mode=\"fill\"  >\n\t\t\t\t\t<img decoding=\"async\" src=\"https:\/\/cohefi.com\/wp-content\/plugins\/master-slider\/public\/assets\/css\/blank.gif\" alt=\"\" title=\"\" data-src=\"https:\/\/cohefi.com\/wp-content\/uploads\/2023\/07\/Presentacion17-1.jpg\" \/>\n\n\n\t<img decoding=\"async\" class=\"ms-thumb\" src=\"https:\/\/cohefi.com\/wp-content\/uploads\/2023\/07\/Presentacion17-1-140x80.jpg\" alt=\"\" \/>\n\t<div class=\"ms-thumb\" ><div class=\"ms-tab-context\"><div class=\"&quot;ms-tab-context&quot;\"><\/div><\/div>\n<\/div>\n\t\t\t\t<\/div>\n\t\t\t\t<div  class=\"ms-slide\" data-delay=\"3\" data-fill-mode=\"fill\"  >\n\t\t\t\t\t<img decoding=\"async\" src=\"https:\/\/cohefi.com\/wp-content\/plugins\/master-slider\/public\/assets\/css\/blank.gif\" alt=\"\" title=\"\" data-src=\"https:\/\/cohefi.com\/wp-content\/uploads\/2023\/07\/Presentacion18.jpg\" \/>\n\n\n\t<img decoding=\"async\" class=\"ms-thumb\" src=\"https:\/\/cohefi.com\/wp-content\/uploads\/2023\/07\/Presentacion18-140x80.jpg\" alt=\"\" \/>\n\t<div class=\"ms-thumb\" ><div class=\"ms-tab-context\"><div class=\"&quot;ms-tab-context&quot;\"><\/div><\/div>\n<\/div>\n\t\t\t\t<\/div>\n\n\t\t\t<\/div>\n\t\t\t<!-- END MasterSlider Main -->\n\n\t\t\t \n\t\t<\/div>\n\t\t<!-- END MasterSlider -->\n\n\t\t<script>\n\t\t(function ( $ ) {\n\t\t\t\"use strict\";\n\n\t\t\t$(function () {\n\t\t\t\tvar masterslider_799e = new MasterSlider();\n\n\t\t\t\t\/\/ slider controls\n\t\t\t\tmasterslider_799e.control('arrows'     ,{ autohide:false, overVideo:true  });\t\t\t\tmasterslider_799e.control('bullets'    ,{ autohide:false, overVideo:true, dir:'h', align:'bottom' , margin:10  });\n\n\t\t\t\tmasterslider_799e.control('thumblist'  ,{ autohide:false, overVideo:true, dir:'h', speed:17, inset:false, arrows:false, hover:false, customClass:'', align:'bottom',type:'thumbs', margin:5, width:140, height:80, space:5, fillMode:'fill'  });\n\t\t\t\t\/\/ slider setup\n\t\t\t\tmasterslider_799e.setup(\"MS6a03428a8799e\", {\n\t\t\t\t\t\twidth           : 270,\n\t\t\t\t\t\theight          : 270,\n\t\t\t\t\t\tminHeight       : 0,\n\t\t\t\t\t\tspace           : 0,\n\t\t\t\t\t\tstart           : 1,\n\t\t\t\t\t\tgrabCursor      : true,\n\t\t\t\t\t\tswipe           : true,\n\t\t\t\t\t\tmouse           : true,\n\t\t\t\t\t\tlayout          : \"boxed\",\n\t\t\t\t\t\twheel           : false,\n\t\t\t\t\t\tautoplay        : false,\n\t\t\t\t\t\tinstantStartLayers:false,\n\t\t\t\t\t\tloop            : false,\n\t\t\t\t\t\tshuffle         : false,\n\t\t\t\t\t\tpreload         : 0,\n\t\t\t\t\t\theightLimit     : true,\n\t\t\t\t\t\tautoHeight      : true,\n\t\t\t\t\t\tsmoothHeight    : true,\n\t\t\t\t\t\tendPause        : false,\n\t\t\t\t\t\toverPause       : true,\n\t\t\t\t\t\tfillMode        : \"fill\",\n\t\t\t\t\t\tcenterControls  : true,\n\t\t\t\t\t\tstartOnAppear   : false,\n\t\t\t\t\t\tlayersMode      : \"center\",\n\t\t\t\t\t\thideLayers      : false,\n\t\t\t\t\t\tfullscreenMargin: 0,\n\t\t\t\t\t\tspeed           : 20,\n\t\t\t\t\t\tdir             : \"h\",\n\t\t\t\t\t\tparallaxMode    : 'swipe',\n\t\t\t\t\t\tview            : \"basic\"\n\t\t\t\t});\n\n\t\t\t\t\n\t\t\t\twindow.masterslider_instances = window.masterslider_instances || [];\n\t\t\t\twindow.masterslider_instances.push( masterslider_799e );\n\t\t\t });\n\n\t\t})(jQuery);\n\t\t<\/script>\n\n\n\n\n\n<div class=\"wp-block-media-text alignwide is-stacked-on-mobile\" style=\"grid-template-columns:30% auto\"><figure class=\"wp-block-media-text__media\"><img loading=\"lazy\" decoding=\"async\" width=\"1024\" height=\"1024\" src=\"https:\/\/cohefi.com\/wp-content\/uploads\/2023\/07\/Servicios02-1024x1024.jpg\" alt=\"\" class=\"wp-image-256 size-large\" srcset=\"https:\/\/cohefi.com\/wp-content\/uploads\/2023\/07\/Servicios02-1024x1024.jpg 1024w, https:\/\/cohefi.com\/wp-content\/uploads\/2023\/07\/Servicios02-300x300.jpg 300w, https:\/\/cohefi.com\/wp-content\/uploads\/2023\/07\/Servicios02-200x200.jpg 200w, https:\/\/cohefi.com\/wp-content\/uploads\/2023\/07\/Servicios02-768x768.jpg 768w, https:\/\/cohefi.com\/wp-content\/uploads\/2023\/07\/Servicios02-1536x1536.jpg 1536w, https:\/\/cohefi.com\/wp-content\/uploads\/2023\/07\/Servicios02.jpg 2048w\" sizes=\"auto, (max-width: 1024px) 100vw, 1024px\" \/><\/figure><div class=\"wp-block-media-text__content\">\n<h4 class=\"wp-block-heading has-normal-font-size\"><strong>Algunas de las afectaciones que podemos atender son:<\/strong><\/h4>\n\n\n\n<div class=\"wp-block-columns is-not-stacked-on-mobile is-layout-flex wp-container-core-columns-is-layout-28f84493 wp-block-columns-is-layout-flex\">\n<div class=\"wp-block-column is-layout-flow wp-block-column-is-layout-flow\">\n<div class=\"wp-block-group has-global-padding is-layout-constrained wp-block-group-is-layout-constrained\">\n<ul class=\"ListItem wp-block-list\" style=\"font-size:0.8rem\">\n<li>Bursitis<\/li>\n\n\n\n<li>Ca\u00eddas<\/li>\n\n\n\n<li>Ciatalgia<\/li>\n\n\n\n<li>Condromalacia<\/li>\n\n\n\n<li>Contracturas<\/li>\n\n\n\n<li>Costocondritis<\/li>\n\n\n\n<li>Escoliosis<\/li>\n\n\n\n<li>Fracturas<\/li>\n\n\n\n<li>Gonartrosis<\/li>\n\n\n\n<li>Lumbalgia<\/li>\n\n\n\n<li>Lumbociatalgia<\/li>\n\n\n\n<li>Neuropat\u00eda<\/li>\n\n\n\n<li>Post-cirugia<\/li>\n\n\n\n<li>Tendinopat\u00edas<\/li>\n\n\n\n<li>Esguince cervical<\/li>\n\n\n\n<li>Fascitis plantar<\/li>\n\n\n\n<li>Hernias discales<\/li>\n\n\n\n<li>Hombro congelado<\/li>\n\n\n\n<li>Inestabilidades articulares<\/li>\n<\/ul>\n<\/div>\n<\/div>\n\n\n\n<div class=\"wp-block-column is-layout-flow wp-block-column-is-layout-flow\">\n<div class=\"wp-block-group has-global-padding is-layout-constrained wp-block-group-is-layout-constrained\">\n<ul class=\"ListItem wp-block-list\" style=\"font-size:0.8rem\">\n<li>Par\u00e1lisis facial<\/li>\n\n\n\n<li>Periostitis tibial<\/li>\n\n\n\n<li>Rectificaci\u00f3n cervical<\/li>\n\n\n\n<li>Rupturas fibrilares<\/li>\n\n\n\n<li>Canal medular estrecho<\/li>\n\n\n\n<li>Codo de tenista<\/li>\n\n\n\n<li>Esguinces de tobillo<\/li>\n\n\n\n<li>Lesiones del hombro<\/li>\n\n\n\n<li>Molestias del cuello<\/li>\n\n\n\n<li>Pr\u00f3tesis de cadera<\/li>\n\n\n\n<li>t\u00fanel del carpo<\/li>\n\n\n\n<li>Alteraciones de la columna<\/li>\n\n\n\n<li>Alteraciones de la sensibilidad<\/li>\n\n\n\n<li>Lesiones del manguito rotador<\/li>\n<\/ul>\n<\/div>\n<\/div>\n<\/div>\n<\/div><\/div>\n","protected":false},"excerpt":{"rendered":"<p>En COHEFI ofrecemos servicios de rehabilitaci\u00f3n f\u00edsica, es un servicio para todo el p\u00fablico, nuestro proceso inicia con una historia cl\u00ednica, con la que se dan las pautas para una evaluaci\u00f3n y posterior obtenci\u00f3n de un diagn\u00f3stico que nos permitir\u00e1 realizar una terapia completamente individualizada para cada paciente, poniendo a su disposici\u00f3n las mejores alternativas [&hellip;]<\/p>\n","protected":false},"author":1,"featured_media":0,"parent":0,"menu_order":0,"comment_status":"closed","ping_status":"closed","template":"","meta":{"footnotes":""},"class_list":["post-254","page","type-page","status-publish","hentry"],"_links":{"self":[{"href":"https:\/\/cohefi.com\/index.php\/wp-json\/wp\/v2\/pages\/254","targetHints":{"allow":["GET"]}}],"collection":[{"href":"https:\/\/cohefi.com\/index.php\/wp-json\/wp\/v2\/pages"}],"about":[{"href":"https:\/\/cohefi.com\/index.php\/wp-json\/wp\/v2\/types\/page"}],"author":[{"embeddable":true,"href":"https:\/\/cohefi.com\/index.php\/wp-json\/wp\/v2\/users\/1"}],"replies":[{"embeddable":true,"href":"https:\/\/cohefi.com\/index.php\/wp-json\/wp\/v2\/comments?post=254"}],"version-history":[{"count":15,"href":"https:\/\/cohefi.com\/index.php\/wp-json\/wp\/v2\/pages\/254\/revisions"}],"predecessor-version":[{"id":326,"href":"https:\/\/cohefi.com\/index.php\/wp-json\/wp\/v2\/pages\/254\/revisions\/326"}],"wp:attachment":[{"href":"https:\/\/cohefi.com\/index.php\/wp-json\/wp\/v2\/media?parent=254"}],"curies":[{"name":"wp","href":"https:\/\/api.w.org\/{rel}","templated":true}]}}